ed by o?
23
Let c = -14 + 46. Suppose -c = -4*z - 0*s - 4*s, -2 = -s. Suppose z*q - 33 = 39. What is the remainder when q is divided by 7?
5
What is the remainder when (-35)/(-14)*((-671)/(-5) + -4 + 1) is divided by 69?
52
Suppose 37 = k - 4*q - 36, -3*k + 144 = 3*q. What is the remainder when 233 is divided by k?
21
Let p(h) = 5*h + 1. Let n = 196 + -193. Suppose 0 = 4*d + n*o - 342, 0*o - 180 = -2*d + 3*o. What is the remainder when d is divided by p(2)?
10
Let r(s) be the third derivative of -s**5/60 + 4*s**4/3 + 59*s**3/6 + 77*s**2. What is the remainder when r(30) is divided by 36?
11
Suppose 6*v - v = 3455. Suppose -3*o - 125 + 230 = 2*o. What is the remainder when v is divided by o?
19
Let c(d) = -138*d - 9363. Calculate the remainder when c(-68) is divided by 14.
7
Suppose o - 730 = -0*o - x, -4*o + 2*x + 2926 = 0. Let z = o + -719. Calculate the remainder when z is divided by 7.
5
Let q = -506 - -485. Calculate the remainder when 83 is divided by (2/q*-7)/((-2)/(-93)).
21
Suppose 2*k = 21 - 9. Let j(u) = 72*u**2 - 718*u + 92. What is the remainder when j(10) is divided by k?
4
Let w be 6/(-8)*(9 + 83). Let h = w - -74. Let s(g) = 9*g + 12. What is the remainder when s(h) is divided by 15?
12
Let j(x) = 10*x**2 - 2*x - 31 - 49 - 8*x**2 - 8*x. Calculate the remainder when j(-11) is divided by 21.
20
Suppose -22*w + 50751 = -90357. What is the remainder when w is divided by 31?
28
Suppose x + 2*n - 54 = -25, -45 = -x + 2*n. Calculate the remainder when 256 is divided by x.
34
Let d(c) be the first derivative of 31*c**2/2 - 76*c + 106. Let t be -1 + -6 + 3 - -15. Calculate the remainder when d(t) is divided by 19.
18
Let u(k) = 142*k - 669. What is the remainder when u(19) is divided by 127?
124
Let v(s) = s**2 - 2*s. Let f(j) = 6*j**2 + 6*j + 7. Let o(y) = -f(y) + 5*v(y). Calculate the remainder when 79 is divided by o(-14).
16
Suppose -657 = -4*s - 5*u, 4*s - 3*u - 477 - 140 = 0. Suppose -202 = -5*z + s. Calculate the remainder when z is divided by 16.
8
Let t be 3 - (-3 + 11)*390/(-24). Calculate the remainder when 244 is divided by 760/t - (12/7 - 2).
4
Let k(r) = -7*r - 95. Let q be k(-20). Let y = -32 + q. What is the remainder when 125 is divided by y?
8
Suppose 0 = 3*r + 48 + 21. Let s = -8 - r. Suppose 3*m - 16*k = -12*k + 167, -3*m - k + 172 = 0. What is the remainder when m is divided by s?
12
Calculate the remainder when (-1 + 4*2)/1 is divided by 13/(8918/4774) + (-10)/(-245).
0
Suppose -123324 = -288*d + 37*d + 12*d. Calculate the remainder when d is divided by 84.
12
Let v(f) = 8*f**2 - 166*f + 96. Calculate the remainder when 395 is divided by v(21).
119
Let g(d) = d**3 - 9*d**2 + 6*d + 5. Let p be g(8). Let w be (-21)/7*100/15. Let o = p - w. Calculate the remainder when 17 is divided by o.
8
Suppose 2*r + 746 = 3*y, -8*r - 994 = -4*y - 6*r. Suppose -y = 7*x - 1802. Calculate the remainder when x is divided by 45.
42
Let z = -17 - -56. Let w be (-4)/(0 - -2) - (-60 - -53). Suppose -w*n - 95 = -5*y, -4*y + 5*n = -0*n - 72. What is the remainder when z is divided by y?
16
Let z be 21/(10 - 3) - (-6 - -2). Suppose -57 = -z*k + 69. Suppose 0 = l - k. Calculate the remainder when 34 is divided by l.
16
Suppose -4*c + u = -29, 2*c - 273 = -5*u - 264. What is the remainder when 1693 is divided by c?
6
Suppose 4*l + l - 95 = 0. Let r = -1168778 + 1168829. Calculate the remainder when r is divided by l.
13
Suppose -15993 = w - 5*p - 117474, 507376 = 5*w + 4*p. What is the remainder when (1/2)/(46/w) is divided by 14?
11
Suppose -3*m = 5*k - 50, -4*k - 223 = 2*m - 251. Suppose 4*u - 3*b - 702 = u, 0 = -5*u + 4*b + 1172. Calculate the remainder when u is divided by m.
26
Let j = 23867 + -22322. What is the remainder when j is divided by 322?
257
Suppose 0 = -m + 5*m - 748. Calculate the remainder when m is divided by 1050/54 + 12*(-3)/81.
16
What is the remainder when 1508/(-6)*540/(-360) is divided by 102?
71
What is the remainder when (1470/273)/(-35) + (-1 - 24340/(-26)) is divided by 189?
179
Let k = 168 - 133. Suppose -3*b - k = -269. What is the remainder when b is divided by 8?
6
Suppose 2078 = u - 4*m, 2*u + 2*m - 3835 = 371. Calculate the remainder when u is divided by 24.
10
Suppose -33*s = -1601 - 1831. Suppose -14*n + 22*n = s. Let q = 42 - 7. Calculate the remainder when q is divided by n.
9
Let m(p) = p**3 - 5*p**2 + 8*p - 22. Let i be m(3). What is the remainder when i/576*-14228 - 2/9 is divided by 6?
5
Suppose -125*u = -70*u - 68530. Calculate the remainder when u is divided by 48.
46
Let o(a) = 11*a**2 + 97*a - 6. Let l(w) = w**3 - 13*w**2 - 16*w + 19. Let x be l(14). Calculate the remainder when 50 is divided by o(x).
2
Suppose -66*i + 71*i + 184 = 3*w, -w + 4*i + 59 = 0. What is the remainder when 247 is divided by w?
58
Suppose 32*u + 550 - 20416 = 10*u. What is the remainder when u is divided by 262?
117
Let t(h) = 2*h**3 - 128*h**2 - h + 307. What is the remainder when t(64) is divided by 79?
6
Let f = -13403 - -18467. Calculate the remainder when f is divided by 65.
59
Suppose -1572 = -3*c + 3*g, -23 + 1571 = 3*c + 5*g. Calculate the remainder when c is divided by 17.
11
Let l be 2/3*-6 - (-18 - -17). What is the remainder when 13 is divided by 48/(-64)*(l + -1)?
1
Let f(g) = g**3 - 8*g**2 - 4*g - 41. Let q be f(9). Suppose q*i = -3*d - 0*d + 536, 0 = -4*d + i + 702. Calculate the remainder when d is divided by 46.
38
Let t(m) = -7046*m - 335. Calculate the remainder when t(-1) is divided by 17.
13
Suppose -197*t + 10917 = 5*f - 195*t, 4*f = -4*t + 8724. Calculate the remainder when f is divided by 10.
5
Suppose -3*z = 2*j + 7 - 72, 3*j - 2*z - 130 = 0. Suppose -31*v = 88*v - 6902. Calculate the remainder when v is divided by j.
18
What is the remainder when 15/12*(47 - 51) + 212 is divided by 27?
18
Suppose 23*w - 615 - 3154 - 2671 = 0. Calculate the remainder when w is divided by 268.
12
What is the remainder when ((-7145)/(-4))/((-25)/(-20)) is divided by 10?
9
Let t(h) = -53*h - 5. Let b be t(6). Let k = -196 - b. Suppose 4*w + 52 = 4*c, -5*w - 25 = -5*c + 4*c. Calculate the remainder when k is divided by c.
7
Let n(m) = 14*m**2 + 1023*m + 190. What is the remainder when 346 is divided by n(-73)?
112
Let g = -1 - -6. Let v(b) be the first derivative of -2*b**3/3 + 8*b**2 + 4*b + 45. Calculate the remainder when v(7) is divided by g.
3
Let o = 630 + -648. Calculate the remainder when 102*-2*(-1)/4 is divided by o*1116/(-1134) + (-2)/(-7).
15
Suppose -4*j + 2*b = -304, -7*b = 3*j - 11*b - 218. Suppose -3*y = 2*y - 100. Calculate the remainder when j is divided by y.
18
Let r = 363 + -362. What is the remainder when 190 is divided by (0 + -1)*(0 - r - 47)?
46
Suppose 5*h = 5*c - 25, 5*c = -4*h - 0*h + 7. Suppose 0 = o + i - 29, -126 = -4*o - c*i + i. Calculate the remainder when o is divided by (-47)/(-4) - (-1)/4.
10
Let d(n) = -n**2 + 14*n - 7. Let v be d(2). What is the remainder when 17 is divided by v - 24 - -2*5?
2
Let s = 436 - 269. Suppose 0 = 6*w - 208*w + 2828. Calculate the remainder when s is divided by w.
13
Calculate the remainder when ((-3)/(2*(-2)/(-412)))/(-3) is divided by 534/18 + 1/3.
13
Suppose -15*g + 20 = -5*g. Let o(s) = -s**2 + 3*s + 2. What is the remainder when 46 is divided by o(g)?
2
Suppose -5*w + 3*x = 6123, -w - 945 - 302 = 5*x. Calculate the remainder when 2/(-12) + 7 + w/(-18) is divided by 9.
3
Suppose -14931 - 19536 = -56*a + 7869. Calculate the remainder when a is divided by 122.
24
Suppose 5*l = -32 + 7, l + 5 = -3*d. What is the remainder when 95 is divided by -20*(0 - 1) + d/(-23)?
15
Suppose 138 = 9*a + 30. Calculate the remainder when (-3)/((-18)/(-579))*a/(-6) is divided by 18.
13
Let t(n) = -641*n - 1209. Calculate the remainder when 1450 is divided by t(-2).
63
Let t = 17 + -21. Let l be (-3 - -5 - -32)*2/t. Let i = l + 20. Calculate the remainder when 5 is divided by i.
2
Let u(t) be the second derivative of -t**3/2 - 19*t**2/2 - 16*t. Calculate the remainder when (-4)/16 + (-89)/(-4) + 1 is divided by u(-9).
7
Let r = 1251 - 1248. What is the remainder when 14 is divided by r?
2
Let u(i) = 3*i - 16. Let d = 44 + -36. Calculate the remainder when 3 - (-10)/(-5) - -28 is divided by u(d).
5
Let c(x) = 50*x + 908. What is the remainder when 1256 is divided by 